{"id":54,"date":"2019-01-16T21:02:30","date_gmt":"2019-01-16T21:02:30","guid":{"rendered":"http:\/\/ferienhaus-medem-idyll.de\/?page_id=54"},"modified":"2019-01-16T21:02:30","modified_gmt":"2019-01-16T21:02:30","slug":"ausflugsziele","status":"publish","type":"page","link":"http:\/\/ferienhaus-medem-idyll.de\/?page_id=54","title":{"rendered":"Ausflugsziele"},"content":{"rendered":"\n<p>F\u00fcr&nbsp;Naturliebhaber&nbsp;bieten sich vielf\u00e4ltige Erlebnism\u00f6glichkeiten:<\/p>\n\n\n\n<p>Ein Besuch des \u201cNatureums\u201d in Balje<\/p>\n\n\n\n<p>Eine Naturerlebnisfahrt mit dem \u201cVogelkieker\u201d durch das Kehdinger Land<\/p>\n\n\n\n<p>Die Fahrt mit dem Wattwagen zur Insel Neuwerk<\/p>\n\n\n\n<p>Die Besichtigung des Kameliengartens in der Wingst<\/p>\n\n\n\n<p>Eine Rundfahrt mit der \u201cMoorbahn\u201d durch das Ahlenmoor<\/p>\n\n\n\n<p>Kahn und Schiffsfahrten auf der Oste, im Sietland und auf der Elbe zu den Seehundb\u00e4nken<\/p>\n\n\n\n<p>Besuche des \u201cZoo in der Wingst\u201d, des \u201cZoo am Meer\u201d&nbsp;und des Meerwasseraquariums in Bremerhaven<\/p>\n\n\n\n<p>Wissenshungrige&nbsp;finden in Cuxhaven das Wrackmuseum, das Ringelnatz Museum und das Fischerei- Museum, in Nordholz das Aeronauticum (Deutsches Luftschiff-u. Marinefliegermuseum) und das Muschelmuseum, in Hemmoor das Zementmuseum und in Bremerhaven das Schiffahrtsmuseum.<\/p>\n\n\n\n<p>Zum&nbsp;Einkaufsbummel&nbsp;laden die St\u00e4dte Cuxhaven, Stade und Bremerhaven und im weiteren Umkreis die beiden Hansest\u00e4dte Hamburg und Bremen<\/p>\n\n\n\n<p>Ein wundersch\u00f6ner Tagesausflug ist die Schiffsfahrt zur&nbsp;Hochseeinsel Helgoland&nbsp;mit der M\u00f6glichkeit zum zollfreien Einkauf<\/p>\n","protected":false},"excerpt":{"rendered":"<p>F\u00fcr&nbsp;Naturliebhaber&nbsp;bieten sich vielf\u00e4ltige Erlebnism\u00f6glichkeiten: Ein Besuch des \u201cNatureums\u201d in Balje Eine Naturerlebnisfahrt mit dem \u201cVogelkieker\u201d durch das Kehdinger Land Die Fahrt mit dem Wattwagen zur Insel Neuwerk Die Besichtigung des Kameliengartens in der Wingst Eine Rundfahrt mit der \u201cMoorbahn\u201d durch das Ahlenmoor Kahn und Schiffsfahrten auf der Oste, im Sietland und auf der Elbe zu [&hellip;]<\/p>\n","protected":false},"author":1,"featured_media":0,"parent":37,"menu_order":40,"comment_status":"closed","ping_status":"closed","template":"","meta":{"footnotes":""},"class_list":["post-54","page","type-page","status-publish","hentry","no-featured-image"],"_links":{"self":[{"href":"http:\/\/ferienhaus-medem-idyll.de\/index.php?rest_route=\/wp\/v2\/pages\/54","targetHints":{"allow":["GET"]}}],"collection":[{"href":"http:\/\/ferienhaus-medem-idyll.de\/index.php?rest_route=\/wp\/v2\/pages"}],"about":[{"href":"http:\/\/ferienhaus-medem-idyll.de\/index.php?rest_route=\/wp\/v2\/types\/page"}],"author":[{"embeddable":true,"href":"http:\/\/ferienhaus-medem-idyll.de\/index.php?rest_route=\/wp\/v2\/users\/1"}],"replies":[{"embeddable":true,"href":"http:\/\/ferienhaus-medem-idyll.de\/index.php?rest_route=%2Fwp%2Fv2%2Fcomments&post=54"}],"version-history":[{"count":1,"href":"http:\/\/ferienhaus-medem-idyll.de\/index.php?rest_route=\/wp\/v2\/pages\/54\/revisions"}],"predecessor-version":[{"id":55,"href":"http:\/\/ferienhaus-medem-idyll.de\/index.php?rest_route=\/wp\/v2\/pages\/54\/revisions\/55"}],"up":[{"embeddable":true,"href":"http:\/\/ferienhaus-medem-idyll.de\/index.php?rest_route=\/wp\/v2\/pages\/37"}],"wp:attachment":[{"href":"http:\/\/ferienhaus-medem-idyll.de\/index.php?rest_route=%2Fwp%2Fv2%2Fmedia&parent=54"}],"curies":[{"name":"wp","href":"https:\/\/api.w.org\/{rel}","templated":true}]}}