{"id":52,"date":"2019-01-16T21:01:08","date_gmt":"2019-01-16T21:01:08","guid":{"rendered":"http:\/\/ferienhaus-medem-idyll.de\/?page_id=52"},"modified":"2019-01-16T21:01:08","modified_gmt":"2019-01-16T21:01:08","slug":"kultur","status":"publish","type":"page","link":"http:\/\/ferienhaus-medem-idyll.de\/?page_id=52","title":{"rendered":"Kultur"},"content":{"rendered":"\n<p>Otterndorf ist im Vergleich zu anderen St\u00e4dten dieser Gr\u00f6\u00dfe ein kulturelles Kleinod. Sie finden bei uns:<\/p>\n\n\n\n<p>Das Kranichhaus &#8211; kulturhistorisches und landeskundliches Museum mit historischem Kinderspielzimmer<\/p>\n\n\n\n<p>Das Studio A &#8211; Museum gegenstandsfreier Kunst<\/p>\n\n\n\n<p>Das Johann-Heinrich-Vo\u00df-Haus &#8211; Ausstellung \u00fcber Leben und Werk des Dichters und \u00dcbersetzers<\/p>\n\n\n\n<p>Die Puppenstube &#8211; Umfangreiche Sammlung von Puppen aller Art<\/p>\n\n\n\n<p>Torhaus &#8211;&nbsp;Sammlung Labiau\/Ostpreu\u00dfen<\/p>\n\n\n\n<p>Au\u00dferdem organisiert der Kulturaussuss der Stadt diverse \u201cRathaus-Konzerte\u201d und Sie k\u00f6nnen in der Kirche Konzerte an der historischen Gloger-Orgel erleben.<\/p>\n\n\n\n<p>Ein \u201cStadtschreiber\u201d bereichert von Mai bis September mit Lesungen und anderen Veranstaltungen das kulturelle Leben der Stadt.<\/p>\n\n\n\n<p>Die n\u00e4chtlichen Stadtf\u00fchrungen, die in den Sommermonaten jeweils am 13. stattfinden, sollten Sie sich auf keinen Fall entgehen lassen.<\/p>\n\n\n\n<p>In der Altstadtb\u00fccherei und im Caf\u00e9 Zaubernu\u00df sind st\u00e4ndig wechselnde Ausstellungen verschiedener K\u00fcnstler zu sehen.<\/p>\n\n\n\n<p>In der Bibliothek k\u00f6nnen Sie au\u00dfer B\u00fcchern auch DVDs, CD-Roms, Kassetten und Zeitschriften ausleihen<\/p>\n\n\n\n<p>Die Volkshochschule bietet eine Vielzahl von interessanten Kursen an. Vielleicht f\u00e4llt einer davon&nbsp;in Ihre Urlaubszeit?<\/p>\n\n\n\n<p>Au\u00dfer der evangelischen finden Sie bei uns auch eine katholische und eine neuapostolische Kirche<\/p>\n","protected":false},"excerpt":{"rendered":"<p>Otterndorf ist im Vergleich zu anderen St\u00e4dten dieser Gr\u00f6\u00dfe ein kulturelles Kleinod. Sie finden bei uns: Das Kranichhaus &#8211; kulturhistorisches und landeskundliches Museum mit historischem Kinderspielzimmer Das Studio A &#8211; Museum gegenstandsfreier Kunst Das Johann-Heinrich-Vo\u00df-Haus &#8211; Ausstellung \u00fcber Leben und Werk des Dichters und \u00dcbersetzers Die Puppenstube &#8211; Umfangreiche Sammlung von Puppen aller Art Torhaus [&hellip;]<\/p>\n","protected":false},"author":1,"featured_media":0,"parent":37,"menu_order":30,"comment_status":"closed","ping_status":"closed","template":"","meta":{"footnotes":""},"class_list":["post-52","page","type-page","status-publish","hentry","no-featured-image"],"_links":{"self":[{"href":"http:\/\/ferienhaus-medem-idyll.de\/index.php?rest_route=\/wp\/v2\/pages\/52","targetHints":{"allow":["GET"]}}],"collection":[{"href":"http:\/\/ferienhaus-medem-idyll.de\/index.php?rest_route=\/wp\/v2\/pages"}],"about":[{"href":"http:\/\/ferienhaus-medem-idyll.de\/index.php?rest_route=\/wp\/v2\/types\/page"}],"author":[{"embeddable":true,"href":"http:\/\/ferienhaus-medem-idyll.de\/index.php?rest_route=\/wp\/v2\/users\/1"}],"replies":[{"embeddable":true,"href":"http:\/\/ferienhaus-medem-idyll.de\/index.php?rest_route=%2Fwp%2Fv2%2Fcomments&post=52"}],"version-history":[{"count":1,"href":"http:\/\/ferienhaus-medem-idyll.de\/index.php?rest_route=\/wp\/v2\/pages\/52\/revisions"}],"predecessor-version":[{"id":53,"href":"http:\/\/ferienhaus-medem-idyll.de\/index.php?rest_route=\/wp\/v2\/pages\/52\/revisions\/53"}],"up":[{"embeddable":true,"href":"http:\/\/ferienhaus-medem-idyll.de\/index.php?rest_route=\/wp\/v2\/pages\/37"}],"wp:attachment":[{"href":"http:\/\/ferienhaus-medem-idyll.de\/index.php?rest_route=%2Fwp%2Fv2%2Fmedia&parent=52"}],"curies":[{"name":"wp","href":"https:\/\/api.w.org\/{rel}","templated":true}]}}

<p>Otterndorf ist im Vergleich zu anderen Städten dieser Größe ein kulturelles Kleinod. Sie finden bei uns:</p>



<p>Das Kranichhaus &#8211; kulturhistorisches und landeskundliches Museum mit historischem Kinderspielzimmer</p>



<p>Das Studio A &#8211; Museum gegenstandsfreier Kunst</p>



<p>Das Johann-Heinrich-Voß-Haus &#8211; Ausstellung über Leben und Werk des Dichters und Übersetzers</p>



<p>Die Puppenstube &#8211; Umfangreiche Sammlung von Puppen aller Art</p>



<p>Torhaus &#8211;&nbsp;Sammlung Labiau/Ostpreußen</p>



<p>Außerdem organisiert der Kulturaussuss der Stadt diverse “Rathaus-Konzerte” und Sie können in der Kirche Konzerte an der historischen Gloger-Orgel erleben.</p>



<p>Ein “Stadtschreiber” bereichert von Mai bis September mit Lesungen und anderen Veranstaltungen das kulturelle Leben der Stadt.</p>



<p>Die nächtlichen Stadtführungen, die in den Sommermonaten jeweils am 13. stattfinden, sollten Sie sich auf keinen Fall entgehen lassen.</p>



<p>In der Altstadtbücherei und im Café Zaubernuß sind ständig wechselnde Ausstellungen verschiedener Künstler zu sehen.</p>



<p>In der Bibliothek können Sie außer Büchern auch DVDs, CD-Roms, Kassetten und Zeitschriften ausleihen</p>



<p>Die Volkshochschule bietet eine Vielzahl von interessanten Kursen an. Vielleicht fällt einer davon&nbsp;in Ihre Urlaubszeit?</p>



<p>Außer der evangelischen finden Sie bei uns auch eine katholische und eine neuapostolische Kirche</p>

<p>Otterndorf ist im Vergleich zu anderen Städten dieser Größe ein kulturelles Kleinod. Sie finden bei uns: Das Kranichhaus &#8211; kulturhistorisches und landeskundliches Museum mit historischem Kinderspielzimmer Das Studio A &#8211; Museum gegenstandsfreier Kunst Das Johann-Heinrich-Voß-Haus &#8211; Ausstellung über Leben und Werk des Dichters und Übersetzers Die Puppenstube &#8211; Umfangreiche Sammlung von Puppen aller Art Torhaus [&hellip;]</p>
