{"id":48,"date":"2019-01-16T20:58:09","date_gmt":"2019-01-16T20:58:09","guid":{"rendered":"http:\/\/ferienhaus-medem-idyll.de\/?page_id=48"},"modified":"2026-01-02T10:36:07","modified_gmt":"2026-01-02T10:36:07","slug":"spiel-und-spass","status":"publish","type":"page","link":"http:\/\/ferienhaus-medem-idyll.de\/?page_id=48","title":{"rendered":"Spiel und Spa\u00df"},"content":{"rendered":"<p>F\u00fcr Kinder ist die Freizeitanlage am \u201cSee achtern Diek\u201d ein wahres Paradies mit vielen maritimen Gro\u00df-Spielger\u00e4ten und Wassermatschanlage. Bei Regenwetter bietet die Spiel-und Spa\u00dfscheune mit Kletterberg, Super-Riesenrutsche und Trampolinanlage reichlich Abwechslung.<\/p>\n<p>Ein besonderes Spa\u00df-Erlebnis f\u00fcr die ganze Familie sind die zahlreichen Veranstaltungen, die w\u00e4hrend der Sommermonate stattfinden, wie z.B.<\/p>\n<p>Das Otterndorfer Altstadtfest mit \u201cPolterabend\u201d<\/p>\n<p>Der germanische F\u00fcnfkampf<\/p>\n<p>Das DLRG Kinderfest<\/p>\n<p>Das Speckenfest<\/p>\n<p>Das Cuxland Classics Oldtimertreffen mit Seifenkistenrennen<\/p>\n<p>Der Sparkassen K\u00fcstenmarathon<\/p>\n<p>Das Schleusen-Sch\u00fctzenfest mit G\u00e4stescheibe<\/p>\n<p>Kino in der Stadtscheune<\/p>\n<p>Spieleabend im Kranichhaus<\/p>\n<p>Beachten Sie bitte den aktuellen <a href=\"https:\/\/www.otterndorf.de\/veranstaltungen\/veranstaltungskalender#\/whl-kalender\/?widgetToken=A-MJf1RZipA.&amp;\" target=\"_blank\" rel=\"noopener\">Veranstaltungskalender<\/a> der\u00a0Stadt Otterndorf<\/p>\n","protected":false},"excerpt":{"rendered":"<p>F\u00fcr Kinder ist die Freizeitanlage am \u201cSee achtern Diek\u201d ein wahres Paradies mit vielen maritimen Gro\u00df-Spielger\u00e4ten und Wassermatschanlage. Bei Regenwetter bietet die Spiel-und Spa\u00dfscheune mit Kletterberg, Super-Riesenrutsche und Trampolinanlage reichlich Abwechslung. Ein besonderes Spa\u00df-Erlebnis f\u00fcr die ganze Familie sind die zahlreichen Veranstaltungen, die w\u00e4hrend der Sommermonate stattfinden, wie z.B. Das Otterndorfer Altstadtfest mit \u201cPolterabend\u201d Der [&hellip;]<\/p>\n","protected":false},"author":1,"featured_media":0,"parent":37,"menu_order":20,"comment_status":"closed","ping_status":"closed","template":"","meta":{"footnotes":""},"class_list":["post-48","page","type-page","status-publish","hentry","no-featured-image"],"_links":{"self":[{"href":"http:\/\/ferienhaus-medem-idyll.de\/index.php?rest_route=\/wp\/v2\/pages\/48","targetHints":{"allow":["GET"]}}],"collection":[{"href":"http:\/\/ferienhaus-medem-idyll.de\/index.php?rest_route=\/wp\/v2\/pages"}],"about":[{"href":"http:\/\/ferienhaus-medem-idyll.de\/index.php?rest_route=\/wp\/v2\/types\/page"}],"author":[{"embeddable":true,"href":"http:\/\/ferienhaus-medem-idyll.de\/index.php?rest_route=\/wp\/v2\/users\/1"}],"replies":[{"embeddable":true,"href":"http:\/\/ferienhaus-medem-idyll.de\/index.php?rest_route=%2Fwp%2Fv2%2Fcomments&post=48"}],"version-history":[{"count":4,"href":"http:\/\/ferienhaus-medem-idyll.de\/index.php?rest_route=\/wp\/v2\/pages\/48\/revisions"}],"predecessor-version":[{"id":115,"href":"http:\/\/ferienhaus-medem-idyll.de\/index.php?rest_route=\/wp\/v2\/pages\/48\/revisions\/115"}],"up":[{"embeddable":true,"href":"http:\/\/ferienhaus-medem-idyll.de\/index.php?rest_route=\/wp\/v2\/pages\/37"}],"wp:attachment":[{"href":"http:\/\/ferienhaus-medem-idyll.de\/index.php?rest_route=%2Fwp%2Fv2%2Fmedia&parent=48"}],"curies":[{"name":"wp","href":"https:\/\/api.w.org\/{rel}","templated":true}]}}

Spiel und Spaß

<p>Für Kinder ist die Freizeitanlage am “See achtern Diek” ein wahres Paradies mit vielen maritimen Groß-Spielgeräten und Wassermatschanlage. Bei Regenwetter bietet die Spiel-und Spaßscheune mit Kletterberg, Super-Riesenrutsche und Trampolinanlage reichlich Abwechslung.</p>
<p>Ein besonderes Spaß-Erlebnis für die ganze Familie sind die zahlreichen Veranstaltungen, die während der Sommermonate stattfinden, wie z.B.</p>
<p>Das Otterndorfer Altstadtfest mit “Polterabend”</p>
<p>Der germanische Fünfkampf</p>
<p>Das DLRG Kinderfest</p>
<p>Das Speckenfest</p>
<p>Das Cuxland Classics Oldtimertreffen mit Seifenkistenrennen</p>
<p>Der Sparkassen Küstenmarathon</p>
<p>Das Schleusen-Schützenfest mit Gästescheibe</p>
<p>Kino in der Stadtscheune</p>
<p>Spieleabend im Kranichhaus</p>
<p>Beachten Sie bitte den aktuellen <a href="https://www.otterndorf.de/veranstaltungen/veranstaltungskalender#/whl-kalender/?widgetToken=A-MJf1RZipA.&amp;" target="_blank" rel="noopener">Veranstaltungskalender</a> der Stadt Otterndorf</p>

<p>Für Kinder ist die Freizeitanlage am “See achtern Diek” ein wahres Paradies mit vielen maritimen Groß-Spielgeräten und Wassermatschanlage. Bei Regenwetter bietet die Spiel-und Spaßscheune mit Kletterberg, Super-Riesenrutsche und Trampolinanlage reichlich Abwechslung. Ein besonderes Spaß-Erlebnis für die ganze Familie sind die zahlreichen Veranstaltungen, die während der Sommermonate stattfinden, wie z.B. Das Otterndorfer Altstadtfest mit “Polterabend” Der [&hellip;]</p>
