{"id":39,"date":"2019-01-16T20:46:12","date_gmt":"2019-01-16T20:46:12","guid":{"rendered":"http:\/\/ferienhaus-medem-idyll.de\/?page_id=39"},"modified":"2019-06-12T18:59:24","modified_gmt":"2019-06-12T18:59:24","slug":"haus","status":"publish","type":"page","link":"http:\/\/ferienhaus-medem-idyll.de\/?page_id=39","title":{"rendered":"Haus Medem-Idyll"},"content":{"rendered":"\n<p>Unser Ferienhaus liegt direkt am Ufer des romantischen Fl\u00fcsschens \u201cMedem\u201d, entfernt vom Touristentrubel im Strandgebiet, jedoch nahe der Otterndorfer Altstadt.<\/p>\n\n\n\n<p>Es verf\u00fcgt \u00fcber einen Schlafraum mit Doppelbett 180\/200 cm, einen Wohnraum mit Schlafsofa, Kaminofen und Panoramablick auf die Medem, eine separate K\u00fcche und ein Bad mit Dusche und WC.<\/p>\n\n\n\n<figure class=\"wp-block-image\"><img loading=\"lazy\" decoding=\"async\" width=\"640\" height=\"480\" src=\"http:\/\/ferienhaus-medem-idyll.de\/wp-content\/uploads\/2019\/01\/IMG_4123-1.jpg\" alt=\"\" class=\"wp-image-84\" srcset=\"http:\/\/ferienhaus-medem-idyll.de\/wp-content\/uploads\/2019\/01\/IMG_4123-1.jpg 640w, http:\/\/ferienhaus-medem-idyll.de\/wp-content\/uploads\/2019\/01\/IMG_4123-1-300x225.jpg 300w\" sizes=\"auto, (max-width: 640px) 100vw, 640px\" \/><\/figure>\n\n\n\n<p>Im gro\u00dfen Garten sind Sie v\u00f6llig ungest\u00f6rt. Gesehen werden Sie nur von vorbeifahrenden Freizeitkapit\u00e4nen oder den Kormoranen und Graureihern auf der Medem.<\/p>\n\n\n\n<p>Im Garten gibt es eine Feuerstelle f\u00fcr romantische Abende und Sie haben die M\u00f6glichkeit zu angeln.<\/p>\n\n\n\n<p>Zum Haus geh\u00f6rt ein PKW &#8211; Stellplatz, eine \u00fcberdachte Terrasse mit Grill und Gartenm\u00f6beln, eine Mikrowelle, Sat.- TV mit Videorecorder, CD &#8211; u. DVD &#8211; Player und ein Radio.<\/p>\n\n\n\n<p>Wenn Sie der Hektik entfliehen m\u00f6chten und Natur pur genie\u00dfen wollen, ist das Haus Medem &#8211; Idyll f\u00fcr Sie der richtige Platz<\/p>\n","protected":false},"excerpt":{"rendered":"<p>Unser Ferienhaus liegt direkt am Ufer des romantischen Fl\u00fcsschens \u201cMedem\u201d, entfernt vom Touristentrubel im Strandgebiet, jedoch nahe der Otterndorfer Altstadt. Es verf\u00fcgt \u00fcber einen Schlafraum mit Doppelbett 180\/200 cm, einen Wohnraum mit Schlafsofa, Kaminofen und Panoramablick auf die Medem, eine separate K\u00fcche und ein Bad mit Dusche und WC. Im gro\u00dfen Garten sind Sie v\u00f6llig [&hellip;]<\/p>\n","protected":false},"author":1,"featured_media":0,"parent":0,"menu_order":0,"comment_status":"closed","ping_status":"closed","template":"","meta":{"footnotes":""},"class_list":["post-39","page","type-page","status-publish","hentry","no-featured-image"],"_links":{"self":[{"href":"http:\/\/ferienhaus-medem-idyll.de\/index.php?rest_route=\/wp\/v2\/pages\/39","targetHints":{"allow":["GET"]}}],"collection":[{"href":"http:\/\/ferienhaus-medem-idyll.de\/index.php?rest_route=\/wp\/v2\/pages"}],"about":[{"href":"http:\/\/ferienhaus-medem-idyll.de\/index.php?rest_route=\/wp\/v2\/types\/page"}],"author":[{"embeddable":true,"href":"http:\/\/ferienhaus-medem-idyll.de\/index.php?rest_route=\/wp\/v2\/users\/1"}],"replies":[{"embeddable":true,"href":"http:\/\/ferienhaus-medem-idyll.de\/index.php?rest_route=%2Fwp%2Fv2%2Fcomments&post=39"}],"version-history":[{"count":5,"href":"http:\/\/ferienhaus-medem-idyll.de\/index.php?rest_route=\/wp\/v2\/pages\/39\/revisions"}],"predecessor-version":[{"id":99,"href":"http:\/\/ferienhaus-medem-idyll.de\/index.php?rest_route=\/wp\/v2\/pages\/39\/revisions\/99"}],"wp:attachment":[{"href":"http:\/\/ferienhaus-medem-idyll.de\/index.php?rest_route=%2Fwp%2Fv2%2Fmedia&parent=39"}],"curies":[{"name":"wp","href":"https:\/\/api.w.org\/{rel}","templated":true}]}}